et y be (-24)/20*20/(-6). Suppose -4*c = q - 3*q + 36, 84 = y*q + 4*c. Suppose -4*l + j = -7, 7*l + j - q = 2*l. Let v(h) = h**2 - 6*h + 2. Give v(l).
-7
Let l(k) = -5*k - 2. Let g(o) = 4*o + 1. Let s(h) = 3*g(h) + 2*l(h). Calculate s(-4).
-9
Let h(s) be the third derivative of -s**6/120 + s**5/60 - s**4/24 + s**3/3 + s**2. Calculate h(2).
-4
Suppose -4*p = -5 + 25. Let v(j) = j**2 + 5*j + 1. Let b be v(p). Let w(i) be the second derivative of i**5/4 - i**4/6 + i**3/3 - i**2/2 + 659*i. What is w(b)?
4
Let v(w) = w**3 - 4*w**2 - 2*w + 4. Suppose -i + 8 = i. Let h(n) = -3 + 6 - 4 - i*n. Let k be h(-1). Give v(k).
-11
Let c(s) = s**3 + 5*s**2 - 5. Let r be c(-4). Let v = -5 + r. Let p(d) = v - 4 - d - 5 + 2. Give p(4).
-5
Let b(r) = -2*r**2 - r. Let f(p) be the first derivative of -1 + p**3 + 0*p + 1/2*p**2. Let i(y) = 5*b(y) + 4*f(y). What is i(-1)?
3
Let g(r) = 7*r**2 - 6*r - 5. Let t(b) = -3*b**2 + 3*b + 2. Let m(q) = 4*g(q) + 9*t(q). Suppose -z = 4*z + 20. Calculate m(z).
2
Suppose 4 = -2*s, 0*t + 2*s = -2*t. Let y(x) = x - 1. Let d(o) = -o**3 + o**2 - 7*o + 7. Let c(u) = d(u) + 6*y(u). Give c(t).
-5
Let g(n) = -n**3 - 2*n**3 + 28 - 45 - 2*n**2 + 18. Determine g(-1).
2
Let u(v) = v**2 + 5*v + 2. Let z be u(-5). Let h(y) = -y**2 + 2 + 3*y - 3 - z*y. Calculate h(3).
-7
Let y = 5 - 15. Let i = -10 - y. Let n(w) = -w**3 - w**2 + 5. What is n(i)?
5
Suppose -4*s = -0*s. Let f(a) be the third derivative of 3/2*a**3 + 1/24*a**4 + 1/60*a**5 + 0 + 1/120*a**6 + 0*a - 3*a**2. Give f(s).
9
Suppose -7*y + 14 + 7 = 0. Let v(q) be the second derivative of -1/2*q**4 - 1/6*q**y - 1/2*q**2 - 3*q + 0. What is v(-1)?
-6
Let c(p) = -6*p + 52 - 27 - 23 - p**2. Give c(-7).
-5
Let k = 3 - -1. Let c(n) = -n**2 + 6*n. Let b(r) = r**2 - 6*r - 2. Let m(i) = 2*b(i) + 3*c(i). What is m(k)?
4
Let q = 6 + -1. Suppose 5*s + v = s + 11, q*s - 22 = -4*v. Let b(a) be the first derivative of -a**4/4 - a**3/3 + a**2 - a - 2. What is b(s)?
-9
Let g(j) be the second derivative of j**5/30 + j**4/8 - j**3/3 + j**2/2 + 3*j. Let d(a) be the first derivative of g(a). Calculate d(-3).
7
Let c(q) be the second derivative of -q**6/180 + q**5/120 - q**4/12 + q. Let i(p) be the third derivative of c(p). Suppose -2*d = -3 - 1. What is i(d)?
-7
Let t(a) = 4. Let z(x) = 3*x + 20. Let i(o) = -2*o - 20. Let m(n) = -6*i(n) - 5*z(n). Let w = -12 + -8. Let l(p) = w*t(p) + 4*m(p). Give l(1).
-12
Let u(f) = f + 4. Let n(y) = y**2 - y + 4. Let s be n(0). Suppose 0 = -s*k + 2*r - 4 + 10, -3*r + 21 = 4*k. Let d be (-1 + k)*-4 + 3. Give u(d).
-1
Let y(n) = -3*n**2 + 2. Let m(v) = -1. Let f(z) = 4*m(z) + 2*y(z). Let l(o) = 0 + 0 - 3 - o. Let q be l(-4). What is f(q)?
-6
Suppose -b = -3*p - 13, -2*p = 3*b - 21 + 4. Let r = b + -13. Let z(l) be the second derivative of -l**4/12 - 5*l**3/6 + l**2 + l. Determine z(r).
-4
Let u(k) = -6*k. Let c be u(1). Let t(b) = -2*b**2 - b + 2. Let p(s) = s**3 - 4*s**2 - 5*s + 8. Let r(g) = p(g) - 5*t(g). Calculate r(c).
-2
Suppose 0 = 5*h - 15, -5*o + 3*o + 2*h + 2 = 0. Let n(v) = -10*v**2 - 8*v + 7*v + o*v**2. What is n(1)?
-7
Let u be ((-20)/8 + 2)*-8. Let o(i) = -u - 3 - 2*i**2 + 3*i**2 + i + 6. What is o(2)?
5
Let z(f) = f**3 + f**2 - f - 1. Let c be z(-2). Let b(q) be the third derivative of 0*q + 1/15*q**5 + 1/3*q**3 - 2*q**2 + 0 + 1/120*q**6 + 1/12*q**4. Give b(c).
5
Let n(w) = 17*w - 30*w + 15*w. What is n(-7)?
-14
Let z(i) be the second derivative of -1/20*i**5 - 2/3*i**3 + 1/2*i**4 + 0 - 7/2*i**2 + i. Determine z(5).
-2
Suppose 2*p + 3*p - 20 = 5*d, 0 = 4*p + d - 11. Suppose i - 3*v + p = -5*v, 2*i + 6 = 3*v. Let o(z) = z**2 + 2*z + 3. Give o(i).
6
Suppose -l + 4 = -x - 2*x, 16 = 4*l + 5*x. Let q(z) = -2*z + 1. Calculate q(l).
-7
Let w = 0 + -1. Let g(x) be the first derivative of -1 - x - 2/3*x**3 + 0*x**2. Calculate g(w).
-3
Let u(v) = v**3 + 4*v**2 + v + 5. Suppose 4*o - 5*o = 4. Calculate u(o).
1
Let s(j) be the second derivative of j**5/20 - j**4/2 + 5*j**3/6 - j**2 - 7*j. Let v(p) = p**2 + 3*p - 5. Let z be v(-5). Calculate s(z).
-2
Let g(t) = -2*t**2 - t - 1. Let i(h) = h**3 - 5*h**2 - h + 4. Let s be i(5). Give g(s).
-2
Let u(q) = q - 7. Let o(r) = r**3 - 13*r**2 - 5. Let c be (-26)/4*(-2 + 0). Let d be o(c). What is u(d)?
-12
Let i(b) = b**3 - 5. Let n = -28 + 28. Give i(n).
-5
Suppose 0 = 4*q - 0*q + 16. Let c be q/8 - 28/8. Let p(l) be the first derivative of l**3/3 + 2*l**2 + 5*l - 1. Determine p(c).
5
Suppose 0 = -3*u + 8 - 2. Suppose -b - 6 = -2*m, 2*b + 6*m = 2*m + 12. Let h(f) = b + 1 - 3 - u*f. What is h(-3)?
4
Let i(x) = -2*x. Let d be 1*(3 - (1 + 0)). Let w(j) = j**3 - 2*j**2 - 2*j. Let s be w(3). Suppose 0 = -d*p + s + 5. Calculate i(p).
-8
Let k(r) = 2 - 3*r**2 - 2*r**3 - 3*r**3 + 7*r**3. Let w be (-27)/(-15) - 1/(-5). Calculate k(w).
6
Let i(m) = 2*m - 10. Let g(l) = 2*l - 11. Let b(r) = -3*g(r) + 4*i(r). Determine b(5).
3
Let z be (-1 + 2)*28/(-4). Let g(q) = q**3 + 8*q**2 + 8*q + 2. Give g(z).
-5
Let z(u) = u**3 + u**2 + u + 1. Let t(d) = d**2 - 3*d. Let b be t(3). What is z(b)?
1
Let f(k) = k - 2. Let d = -6 + 0. Let x be 4 - ((-3 - d) + -1). What is f(x)?
0
Let v(u) = -5*u**3 - 20*u**2 + 10*u + 20. Let g(f) = -f**3 - 4*f**2 + 2*f + 4. Let t(r) = 11*g(r) - 2*v(r). What is t(-4)?
-4
Let j(s) be the third derivative of s**3 - 2*s**2 + 0 + 1/12*s**4 + 0*s. What is j(-5)?
-4
Let u(i) = 6*i + 2. Let c be (-4)/(-2)*(5 + (-15)/5). Calculate u(c).
26
Let s(k) = -k + 4. Let v be s(4). Let n be 11/4 - (-3)/12. Let d(w) = -3 + 9 - 4*w**n + 3*w**3. Calculate d(v).
6
Let z(d) = d**2 + 4*d. Let l(b) = -2*b**3 - 3*b**2 - b - 2. Let r be l(-2). Suppose -r*t + 4 = -4*q + 28, -2*q - 30 = 5*t. What is z(t)?
12
Suppose -q - r + 11 = q, -r - 24 = -5*q. Suppose -5*k = -0*k + q. Let s(c) = -6*c**2. What is s(k)?
-6
Let b(m) = -3*m + 1 + 15*m + 4*m + 3. Let a(s) = -11*s - 3. Let x(q) = -7*a(q) - 5*b(q). Suppose n = 3*p + 5, 3*p + 13 = 5*n - 0. Calculate x(n).
-5
Let t be (-1)/((-3 - -2)/8). Suppose 0*i + 4*i + 5*p - 19 = 0, -i = -3*p + t. Let h = -1 + i. Let x(f) = f. What is x(h)?
0
Let v(y) = -y**3 + 6*y**2 + 8. Suppose q + 3*q = 24. What is v(q)?
8
Suppose 0*v - 2*v = 32. Let y be (20/v + 0)*-4. Let x(n) = -2*n + 3. Calculate x(y).
-7
Suppose 5 - 3 = -2*o. Let t(x) = 2*x**2 - 4*x - 4. Let j(i) = -2*i**2 + 5*i + 5. Let d(y) = 3*j(y) + 4*t(y). Calculate d(o).
2
Let k(z) = z**3 + 17*z**2 - 2*z - 30. Let u be k(-17). Let g(v) = -v + 3. What is g(u)?
-1
Let u(h) = -h + 3 - 5 + 1. Calculate u(-3).
2
Suppose -6*d + 2 = -10. Let n(r) = -r**2 + 1. Determine n(d).
-3
Let j(n) = -n**3 + n**2 - 1. Let a(b) = 3*b + 5. Let k be a(-4). Let m = k + 6. What is j(m)?
1
Let b(v) be the second derivative of -v**5/20 - v**4/3 - v**3/6 + v**2/2 + 3*v. Calculate b(-4).
5
Let y(b) = 0*b**3 + 0 + b**2 - b**3 - 4*b + 3*b + 2. Let r be (4/(-6))/((20/(-15))/4). Give y(r).
-4
Let s = 2 + 7. Let o be (-60)/s - 2/(-3). Let u(i) = -2*i**2 + 5*i - 3. Let q(f) = -3*f**2 + 10*f - 7. Let x(p) = 3*q(p) - 5*u(p). Determine x(o).
0
Let v be 40/(-6) + (-2)/(-3). Let g(h) = -8*h**2 + 18*h**2 - 4 - 4*h - 3*h - 11*h**2. What is g(v)?
2
Let k(j) = -j. Suppose -5*w + 10*w = 10. Determine k(w).
-2
Let h(f) = -f**3 + 7*f**2 - 4*f - 7. Let u be h(6). Suppose 2*z + u*b + 10 = 0, b + b + 5 = -z. Let q(r) = r**2 + 4*r - 3. What is q(z)?
2
Let k(f) = f - 3. Let p(t) = -t + 3. Let x(y) = -7*k(y) - 6*p(y). Give x(5).
-2
Let y = -23 - -33. Let u be 6/y - (-7)/5. Let o(n) = 3*n**2 - 3*n + 1. Calculate o(u).
7
Suppose -2*k - 6 = 2*i, 0 = 2*i - k + 3 + 3. Let w(z) = 2*z**2 + 2*z + 3. What is w(i)?
15
Let s(u) = 1 + u**2 - 11*u - 5*u + 22*u + 8. Give s(-6).
9
Let z(r) be the third derivative of r**8/6720 - r**7/2520 - r**6/360 - r**5/30 - r**2. Let j(y) be the third derivative of z(y). Let s = -5 + 7. Determine j(s).
6
Let d be (5/(-2) + 1)*-6. Suppose 0 = 4*m - d*m - 20. Let q(b) = b**3 + 5*b**2 + 6*b + 6. Let t be q(m). Let o(v) = -v. Calculate o(t).
2
Let s(v) be the second derivative of v**5/20 - v**4/6 - v**3/3 + v**2 - 2*v. Give s(-2).
-10
Let q(p) be the first derivative of -p**6/120 - p**5/20 - p**4/24 + 2*p**3/3 - 5*p**2 + 1. Let i(y) be the second derivative of q(y). Determine i(-3).
7
Let n(r) = r - 1. Let d(a) = -4*a + 3. Let h be (-1)/(-4*(-2)/8). Let q(p) = h*d(p) - 3*n(p). Give q(6).
6
Let a(j) = 6*